lculate the greatest common divisor of 1245 and 166.
83
What is the greatest common factor of 370 and 14?
2
Calculate the highest common factor of 481 and 1554.
37
What is the highest common factor of 585 and 180?
45
Calculate the greatest common factor of 162 and 36.
18
Calculate the highest common divisor of 140 and 60.
20
Calculate the highest common factor of 4029 and 1896.
237
What is the greatest common factor of 11 and 1375?
11
What is the greatest common factor of 25 and 3295?
5
What is the greatest common divisor of 130 and 590?
10
Calculate the greatest common factor of 27 and 2565.
27
Calculate the greatest common divisor of 117 and 3627.
117
What is the greatest common divisor of 5572 and 56?
28
Calculate the highest common divisor of 108 and 924.
12
What is the greatest common factor of 63 and 21?
21
Calculate the highest common factor of 73 and 21535.
73
Calculate the highest common factor of 30 and 2370.
30
What is the greatest common divisor of 5882 and 221?
17
What is the highest common factor of 304 and 190?
38
What is the highest common factor of 240 and 768?
48
What is the highest common divisor of 8 and 1304?
8
Calculate the greatest common factor of 190 and 950.
190
What is the highest common divisor of 15 and 265?
5
What is the greatest common divisor of 19 and 3591?
19
Calculate the greatest common factor of 430 and 559.
43
What is the highest common divisor of 494 and 532?
38
What is the highest common factor of 6700 and 1072?
268
Calculate the greatest common divisor of 364 and 756.
28
Calculate the greatest common divisor of 1274 and 702.
26
What is the greatest common divisor of 984 and 24?
24
What is the greatest common factor of 18752 and 64?
64
What is the greatest common factor of 2567 and 3171?
151
What is the greatest common divisor of 180 and 1860?
60
What is the highest common divisor of 123 and 697?
41
What is the highest common factor of 84 and 567?
21
Calculate the highest common factor of 4155 and 75.
15
What is the highest common divisor of 416 and 384?
32
Calculate the greatest common divisor of 124 and 775.
31
Calculate the greatest common factor of 72 and 18.
18
What is the greatest common divisor of 1311 and 276?
69
What is the greatest common factor of 290 and 1595?
145
What is the highest common factor of 223 and 31666?
223
Calculate the highest common factor of 560 and 80.
80
What is the greatest common factor of 33 and 418?
11
What is the highest common factor of 438 and 657?
219
Calculate the greatest common divisor of 22 and 4.
2
What is the highest common factor of 1526 and 14?
14
What is the highest common factor of 6901 and 206?
103
What is the greatest common factor of 410 and 2542?
82
Calculate the highest common divisor of 196 and 84.
28
Calculate the greatest common divisor of 26 and 22334.
26
Calculate the greatest common divisor of 2457 and 3.
3
Calculate the highest common factor of 56 and 980.
28
Calculate the highest common divisor of 686 and 1078.
98
Calculate the greatest common divisor of 6364 and 344.
172
What is the highest common factor of 121 and 33?
11
Calculate the highest common factor of 14 and 21.
7
Calculate the highest common divisor of 24 and 114.
6
Calculate the highest common divisor of 195 and 455.
65
What is the greatest common factor of 1328 and 4?
4
What is the greatest common factor of 10825 and 25?
25
Calculate the highest common factor of 2743 and 260.
13
Calculate the highest common divisor of 16 and 32.
16
Calculate the highest common factor of 132 and 156.
12
Calculate the greatest common divisor of 1558 and 82.
82
What is the highest common factor of 9 and 424?
1
What is the highest common factor of 32 and 464?
16
What is the greatest common divisor of 475 and 75?
25
Calculate the greatest common factor of 795 and 15.
15
Calculate the highest common divisor of 17 and 459.
17
What is the greatest common factor of 87883 and 23?
23
Calculate the highest common factor of 24594 and 6.
6
Calculate the highest common factor of 44 and 11066.
22
Calculate the greatest common factor of 18 and 486.
18
What is the highest common factor of 434 and 42?
14
Calculate the highest common factor of 81 and 1863.
81
Calculate the greatest common factor of 23 and 64469.
23
Calculate the highest common divisor of 969 and 38.
19
Calculate the highest common divisor of 22944 and 576.
96
Calculate the greatest common factor of 3 and 123.
3
What is the greatest common divisor of 12 and 3756?
12
What is the highest common factor of 44 and 124?
4
Calculate the greatest common divisor of 12 and 564.
12
Calculate the greatest common factor of 987 and 6063.
141
What is the greatest common factor of 576 and 672?
96
Calculate the greatest common divisor of 132 and 30756.
132
Calculate the greatest common factor of 5 and 13.
1
Calculate the greatest common divisor of 14 and 3262.
14
What is the greatest common factor of 19590 and 30?
30
What is the greatest common factor of 76 and 20?
4
Calculate the highest common divisor of 28841 and 191.
191
Calculate the highest common divisor of 8 and 536.
8
Calculate the greatest common factor of 5359 and 46.
23
Calculate the greatest common factor of 137 and 548.
137
Calculate the greatest common factor of 1060 and 260.
20
Calculate the greatest common divisor of 387 and 172.
43
Calculate the greatest common divisor of 38 and 1672.
38
What is the greatest common divisor of 6480 and 80?
80
Calculate the greatest common factor of 4692 and 759.
69
What is the greatest common factor of 215 and 40?
5
What is the greatest common divisor of 272 and 17?
17
What is the greatest common divisor of 346 and 2?
2
Calculate the highest common factor of 330 and 90.
30
Calculate the highest common factor of 5220 and 1020.
60
What is the greatest common factor of 81 and 513?
27
Calculate the highest common factor of 6380 and 140.
20
What is the highest common factor of 171 and 19?
19
What is the highest common divisor of 2472 and 600?
24
Calculate the highest common factor of 188 and 17296.
188
Calculate the highest common divisor of 16 and 480.
16
Calculate the greatest common factor of 130 and 2626.
26
Calculate the greatest common factor of 657 and 949.
73
What is the highest common factor of 62 and 1147?
31
What is the greatest common factor of 11790 and 54?
18
Calculate the greatest common divisor of 48 and 504.
24
Calculate the highest common divisor of 76 and 95.
19
Calculate the highest common divisor of 253 and 11.
11
Calculate the greatest common divisor of 9328 and 1232.
176
Calculate the highest common divisor of 380 and 532.
76
What is the greatest common divisor of 95 and 485?
5
Calculate the highest common divisor of 45 and 10.
5
Calculate the greatest common factor of 2742 and 30.
6
Calculate the highest common factor of 84 and 864.
12
What is the greatest common divisor of 656 and 410?
82
Calculate the highest common divisor of 396 and 2340.
36
What is the highest common factor of 5232 and 32?
16
What is the greatest common factor of 17241 and 21?
21
Calculate the highest common divisor of 85 and 255.
85
Calculate the greatest common factor of 196 and 4508.
196
Calculate the greatest common factor of 474 and 6.
6
What is the highest common factor of 10 and 830?
10
Calculate the highest common divisor of 442 and 26.
26
What is the highest common factor of 60 and 45?
15
Calculate the greatest common divisor of 3626 and 74.
74
Calculate the greatest common divisor of 168 and 55356.
84
What is the highest common factor of 83 and 1494?
83
What is the highest common divisor of 897 and 39?
39
Calculate the highest common divisor of 39 and 195.
39
What is the highest common divisor of 33 and 759?
33
Calculate the highest common divisor of 135 and 10.
5
Calculate the highest common factor of 342 and 414.
18
Calculate the greatest common divisor of 1536 and 96.
96
What is the greatest common factor of 8162 and 424?
106
What is the greatest common factor of 315 and 180?
45
Calculate the greatest common factor of 5 and 55.
5
Calculate the greatest common divisor of 55 and 946.
11
What is the highest common factor of 245 and 1015?
35
What is the highest common divisor of 63 and 1953?
63
What is the greatest common divisor of 9 and 42?
3
What is the greatest